-3*w + 6*w, -w = h*l - 33. Calculate the highest common divisor of 16 and l.
8
Let r(l) be the first derivative of -1 - 4*l + 7/2*l**2. Let c be r(7). Calculate the greatest common factor of c and 15.
15
Let h(m) = -6*m**3 - m**2 + 5*m**3 - 2*m**2 + 2. Let c be h(-3). Suppose c*d - 9 = -d. What is the greatest common factor of d and 33?
3
Let b = 1 + -7. Let f(c) = 4*c**2 + c - c**2 - 2*c**2. Let y be f(b). What is the highest common factor of y and 12?
6
Let v = 24 + 1. Suppose -5*k = 60 - v. Let c be (10/(-7))/(k/49). Calculate the highest common divisor of c and 110.
10
Let g = -41 + 45. Let n be 1/(-1) - (-4 + 3). Let d = g - n. What is the greatest common factor of d and 4?
4
Let s(k) = k + 10 + 6*k - 2*k. Let x be s(6). Calculate the greatest common divisor of 16 and x.
8
Let l(j) = -4*j**2 - 3*j + 2. Let m be (2 + (-3)/6)*-2. Let r be l(m). Let g = -13 - r. Calculate the highest common factor of 12 and g.
12
Let p be 1 - (2 + -6) - 2. Suppose p*x - 332 + 122 = 0. Suppose -16 - 16 = -u + j, j + 88 = 3*u. Calculate the greatest common factor of u and x.
14
Suppose 2*i + 4 = -2. Let c(a) = 7*a**2 - a + 4. Let k be c(i). Calculate the highest common factor of 10 and k.
10
Suppose a - 3*c = 118, -a + 488 = 3*a - 4*c. Calculate the highest common factor of a and 31.
31
Suppose -3*t = -6*t + 18. Let y be -2*1/(t/(-9)). Suppose -y*d + 5 = -2*d. What is the highest common factor of 25 and d?
5
Let h be ((-364)/(-65))/((-2)/(-5)). What is the highest common factor of h and 14?
14
Let p be 1/(3*(-2)/(-12)). What is the highest common factor of p and 2?
2
Let m(i) = -i**2 - 10*i - 10. Let q be m(8). Let k = q + 217. Calculate the greatest common factor of 7 and k.
7
Let l = 522 + -344. Suppose 3*k + 5*o - 280 = l, 307 = 2*k + 3*o. Let i = -106 + k. What is the highest common divisor of 11 and i?
11
Let n = -1 + 7. Let i be 5*n/(-45)*-51. Let p = -23 + i. Calculate the highest common divisor of 44 and p.
11
Let a(b) = -3*b**2 - 60*b - 17. Let m be a(-13). Calculate the greatest common factor of 8 and m.
8
Suppose 0 = -4*d + 2*d + 16. Calculate the highest common factor of 20 and d.
4
Suppose -2*g = -4*n + 374, -2*g + 47 = 3*n - 244. Let s be ((-196)/2)/(-7) - -5. What is the highest common factor of n and s?
19
Suppose -k - 4*n + 4 = -14, 5*k - 4*n - 42 = 0. Let j = 9 + 1. What is the highest common factor of j and k?
10
Let f = -3 - -10. Let l(i) = -f + i**2 + 1 - 4 - 5*i. Let q be l(9). Calculate the highest common factor of q and 156.
26
Let q be (-1)/(-2)*(-4)/(-2). Calculate the greatest common divisor of q and 4.
1
Let f be (-4)/(0 + 2) - -47. Suppose -4*g + d = -g - 58, -24 = -2*g - 3*d. Calculate the greatest common divisor of f and g.
9
Let a be ((-12)/8)/(1/(-16)). What is the greatest common divisor of a and 24?
24
Let b be (-11)/(-2) - (-5)/10. Let u(f) = f**2 + 3*f + 2. Let k be 36/(-5) - 2/(-10). Let z be u(k). Calculate the greatest common divisor of z and b.
6
Suppose -3*w + 112 = 2*c, -4*w + 215 = 3*c + 47. Calculate the highest common divisor of 140 and c.
28
Let f(k) = -3*k - 5. Let r be f(-6). What is the highest common divisor of 13 and r?
13
Suppose -24 + 14 = 2*p. Let u be 6 + p - (-2)/1. Calculate the highest common divisor of 6 and u.
3
Let d be 39 + -2 - 18/(-6). What is the highest common divisor of d and 10?
10
Let j = 21 - 19. Suppose j*y - 28 = -5*p + y, -4*y - 32 = -4*p. Calculate the greatest common divisor of 9 and p.
3
Let m(k) = -3*k - 2. Suppose 2*d = d - p - 4, 5*d - 3*p + 4 = 0. Let o be m(d). Let n be 96/10 + o/10. Calculate the highest common factor of n and 80.
10
Let m = -26 + 136. Calculate the greatest common factor of m and 10.
10
Let p = -9 + 30. What is the greatest common factor of p and 147?
21
Suppose 0*q = -2*q + 34. Suppose 3*a + 4*u = 467, 8 = 6*u - 2*u. Calculate the highest common factor of q and a.
17
Let b(i) be the second derivative of -i**4/12 + i**3/6 + 6*i**2 + 5*i. Let u be b(0). Let v = 21 + -9. What is the greatest common divisor of v and u?
12
Suppose k = -r + 1 + 1, 0 = -5*k - 2*r + 16. Suppose k*c = 5 + 11. Calculate the greatest common divisor of 8 and c.
4
Suppose 0 = d - c - 60 - 1, 2*d - 124 = c. Let i be (-14)/d + (-722)/(-9). Calculate the greatest common factor of 16 and i.
16
Suppose 0 = -n + 7 + 4. Calculate the highest common factor of 121 and n.
11
Suppose 0 = 5*p + 257 + 138. Let c = -31 - p. What is the highest common factor of 12 and c?
12
Suppose 501 = 5*a + 2*n - 5*n, 0 = 3*a + 5*n - 287. Calculate the greatest common divisor of 33 and a.
33
Suppose -3*m - j = -13, -2*m + 3*j + 9 = 4*j. Suppose x = -0*p + p + 10, 0 = -m*x - 3*p + 40. Calculate the highest common factor of x and 5.
5
Let i = -35 + 125. Calculate the greatest common factor of i and 54.
18
Let d = 5 - 5. Suppose d = -4*p - u + 9 + 67, 2*u = 4*p - 64. What is the greatest common factor of 90 and p?
18
Let x(z) = 2*z + 16. Let d be x(-8). Let q = 56 + d. What is the highest common divisor of 8 and q?
8
Suppose -4*c + 21 = a, -4*a - 5 = 2*c - 47. What is the greatest common divisor of a and 207?
9
Let u be (-42)/(-9)*(-60)/(-4). Suppose 0 = -3*k + 4*y + 64, 3*k + 12 = -2*y + u. Calculate the highest common factor of 5 and k.
5
Let g = 31 - 53. Let s = g - -37. Let a be 1/(-2)*(-240)/1. What is the greatest common factor of s and a?
15
Suppose 5*z - 408 = 117. Calculate the greatest common divisor of z and 15.
15
Let r be ((-52)/6)/((-10)/15). What is the greatest common divisor of r and 117?
13
Let u = -2 + 4. Let n be u - 1*(0 + -1). Suppose -5*t - 5*o + 70 = 0, 0*o + 2*o - 44 = -n*t. What is the greatest common factor of t and 4?
4
Let n be (4/5)/((-2)/(-15)). Let u be 19 + -18 - (-41)/1. Calculate the highest common divisor of n and u.
6
Let y(p) = 14*p**3 - 4*p + 6. Let i be y(2). Calculate the greatest common divisor of i and 44.
22
Let f(o) = -o**3 - 3*o**2 + 2*o - 1. Let s be f(-4). Calculate the greatest common factor of 35 and s.
7
Let f(v) = v + 1. Let u be f(1). Suppose -4*s + u*s + 208 = 0. Calculate the highest common divisor of s and 13.
13
Let u(c) = 20*c**2 + 2*c + 1. Suppose -2*d + 7*b = 2*b + 27, 2*d - 4*b + 22 = 0. Let w be u(d). Calculate the highest common factor of 171 and w.
19
Let p(q) = q**3 - 5*q**2 + q + 6. Let c be p(5). What is the greatest common divisor of 55 and c?
11
Let t = -90 - -41. Let r = 122 - t. Let x = 5 + 14. What is the greatest common divisor of x and r?
19
Suppose 20 = 4*d, 3*d - 39 = -2*g - 2*g. Let h = 673 - 670. Calculate the greatest common factor of g and h.
3
Suppose -2*r + 5*i + 139 = 0, 4*r - 5*i - 272 = -19. Let w = r - 25. What is the greatest common divisor of 80 and w?
16
Let w = 67 + 38. Let b be -1 - (2 + 3*-6). Calculate the greatest common divisor of b and w.
15
Let f be (-18)/6*(-18 + 0). What is the highest common divisor of f and 6?
6
Suppose a + 0 = -2. Let n be 11 - ((-3)/1 - a). What is the highest common divisor of 96 and n?
12
Suppose -5*a + 0*j - 9 = -2*j, -2*j = -4. Let f be (-34)/4*(a - 1). What is the highest common factor of 51 and f?
17
Suppose 4*o = 3*x - 2, 3*x = 4*x + 5*o - 26. Suppose -2 = -j + x. What is the highest common divisor of 88 and j?
8
Let u(c) = c**2 - 8*c + 15. Let s be u(12). What is the greatest common factor of s and 9?
9
Let c be 14144/39 + 1/3. What is the greatest common factor of 33 and c?
33
Suppose -7*p - 27 = -10*p. What is the greatest common divisor of 9 and p?
9
Let r(f) = -2*f + 8. Let d be r(3). What is the greatest common divisor of 10 and d?
2
Suppose 5*n - 355 = -2*b, 5*n = -0*b - b + 350. What is the greatest common divisor of n and 23?
23
Suppose 0*u - 4*u - 406 = -2*n, 4*u - 4*n = -404. Let s = u - -147. Suppose 5 = -w + 23. Calculate the greatest common divisor of w and s.
9
Suppose 4*g = -2*h + 710, 0*g + 1065 = 3*h + 2*g. Let q = h - 152. Calculate the greatest common factor of q and 29.
29
Suppose 0*r - 3*r = -6. Suppose -u = 0, -x + r = -u - 0. Suppose -w + 0*w = -5*n - 88, 2*w + x*n = 176. Calculate the greatest common divisor of w and 11.
11
Let l = -2 - -2. Suppose l = i - 9 - 1. Let n(r) = -r**3 + 5*r**2 + 2*r - 5. Let f be n(5). Calculate the highest common divisor of f and i.
5
Let n(g) = 2*g**2 - g - 1. Let z be (-1 - -5)*(-3)/4. Let q be n(z). Calculate the highest common factor